{"id":222,"date":"2022-11-24T18:44:28","date_gmt":"2022-11-24T17:44:28","guid":{"rendered":"http:\/\/3elementsrc.de\/?page_id=222"},"modified":"2022-12-26T19:23:59","modified_gmt":"2022-12-26T18:23:59","slug":"stock-car-arena","status":"publish","type":"page","link":"http:\/\/3elementsrc.de\/?page_id=222","title":{"rendered":"Dirt Parcours"},"content":{"rendered":"\n<h4 class=\"border-left-green wp-block-heading\">Stock-Car Arena<\/h4>\n\n\n\n<p class=\"txt-block\">In unserem Dirt Parcours befindet sich die <strong>Stock-Car Arena<\/strong> in der ihr mit euren 1:10 Tourenwagen oder Stock-Cars fahren k\u00f6nnt. Der Stock-Car Bereich wurde 2022 fertiggestellt und im Oktober eingeweiht. <\/p>\n\n\n\n<p><strong>STRECKENDATEN<\/strong><\/p>\n\n\n\n<table class=\"wp-block-table table_no_border\"><tbody><tr><td width=\"25%\">Streckenl\u00e4nge:<\/td><td>30 m<\/td><\/tr><tr><td>Streckenbreite:<\/td><td>3 m<\/td><\/tr><tr><td>Oberfl\u00e4che:<\/td><td>Befestigter Sand<\/td><\/tr><tr><td>Empfohlene RC-Cars:<\/td><td>Rallye, Tourenwagen 1:10<\/td><\/tr><\/tbody><\/table>\n\n\n\n<p class=\"txt-block\">Die Streckenf\u00fchrung ist variabel, wodurch Rennen im klassischen Oval als auch in der 8 gefahren werden k\u00f6nnen. Da es bei Stock-Car Rennen gerne etwas h\u00e4rter zugeht, empfehlen wir die Autos etwas zu verst\u00e4rken. Als Fahrbahn haben wir den roten Sand des Tennisplatzes belassen und ihn zur Staubbindung verdichtet und mit etwas Beton abgebunden.<br><br><br><\/p>\n\n\n\n<h4 class=\"border-left-green wp-block-heading\">Sandviper<\/h4>\n\n\n\n<p class=\"txt-block\">Wer mit seinen 1:8 RC-Cars auch im &#8220;Dirt&#8221; fahren m\u00f6chte kann dies gerne auf der <strong>Sandviper<\/strong> tun. Die Streckenf\u00fchrung ist klassisch und beinhaltet keine besonderen Elemente wie Sprungschanzen oder Tables. Hier liegt der Fokus auf der Geschwindigkeit und der Ideallinie. Die Rennfahrer m\u00fcssen ihre Boliden auch bei nicht opimalen Bedingungen gekonnt unter Kontrolle haben. Der sandige Untergrund, dem die Strecke ihren Name verdankt, sorgt daf\u00fcr, dass sich die Bedingungen stetig \u00e4ndern k\u00f6nnen. Die Strecke ist einfach f\u00fcr alle 1:8 und 1:10 Elektro RC-Autos geeignet, vom Buggy \u00fcber Short Course und Monster Trucks bis zu Tourenwagen d\u00fcrfen alle die Strecke befahren. <\/p>\n\n\n\n<p><strong>STRECKENDATEN<\/strong><\/p>\n\n\n\n<table class=\"wp-block-table table_no_border\"><tbody><tr><td width=\"25%\">Streckenl\u00e4nge:<\/td><td>150 m<\/td><\/tr><tr><td>Streckenbreite:<\/td><td>3 m<\/td><\/tr><tr><td>Oberfl\u00e4che:<\/td><td>Befestigter Sand<\/td><\/tr><tr><td>Empfohlene RC-Cars:<\/td><td>Alle 1:8 und 1:10<\/td><\/tr><\/tbody><\/table>\n\n\n\n<p><br>-&gt; zur\u00fcck zur <a href=\"http:\/\/3elementsrc.de\/?page_id=30\">\u00dcbersicht<\/a><\/p>\n","protected":false},"excerpt":{"rendered":"<p>Stock-Car Arena In unserem Dirt Parcours befindet sich die Stock-Car Arena in der ihr mit&#8230;<\/p>\n","protected":false},"author":1,"featured_media":0,"parent":0,"menu_order":0,"comment_status":"closed","ping_status":"closed","template":"","meta":{"ngg_post_thumbnail":0,"footnotes":""},"class_list":["post-222","page","type-page","status-publish","hentry"],"_links":{"self":[{"href":"http:\/\/3elementsrc.de\/index.php?rest_route=\/wp\/v2\/pages\/222","targetHints":{"allow":["GET"]}}],"collection":[{"href":"http:\/\/3elementsrc.de\/index.php?rest_route=\/wp\/v2\/pages"}],"about":[{"href":"http:\/\/3elementsrc.de\/index.php?rest_route=\/wp\/v2\/types\/page"}],"author":[{"embeddable":true,"href":"http:\/\/3elementsrc.de\/index.php?rest_route=\/wp\/v2\/users\/1"}],"replies":[{"embeddable":true,"href":"http:\/\/3elementsrc.de\/index.php?rest_route=%2Fwp%2Fv2%2Fcomments&post=222"}],"version-history":[{"count":27,"href":"http:\/\/3elementsrc.de\/index.php?rest_route=\/wp\/v2\/pages\/222\/revisions"}],"predecessor-version":[{"id":843,"href":"http:\/\/3elementsrc.de\/index.php?rest_route=\/wp\/v2\/pages\/222\/revisions\/843"}],"wp:attachment":[{"href":"http:\/\/3elementsrc.de\/index.php?rest_route=%2Fwp%2Fv2%2Fmedia&parent=222"}],"curies":[{"name":"wp","href":"https:\/\/api.w.org\/{rel}","templated":true}]}}